n divisor of 12191621 and 4316?
1079
What is the highest common factor of 697475 and 252195?
115
What is the highest common factor of 1530004 and 9805?
53
Calculate the greatest common divisor of 62298 and 204199.
3461
What is the greatest common divisor of 2406313 and 217?
217
What is the highest common factor of 189 and 36973461?
21
Calculate the highest common factor of 29749906 and 932.
466
Calculate the highest common divisor of 1066702 and 40586.
182
What is the highest common divisor of 1780 and 350024540?
1780
What is the greatest common factor of 146478085 and 4888?
611
Calculate the highest common divisor of 7028 and 113540.
28
What is the highest common divisor of 31408 and 9253582?
3926
Calculate the greatest common factor of 1268508 and 60.
12
Calculate the greatest common divisor of 924 and 1589952.
84
Calculate the greatest common factor of 57519 and 20213571.
1743
Calculate the highest common divisor of 21966383 and 775.
31
What is the greatest common factor of 1875 and 16755?
15
Calculate the greatest common factor of 12928182 and 39.
3
Calculate the highest common divisor of 2215 and 6035.
5
Calculate the greatest common divisor of 6200194 and 117.
13
What is the greatest common factor of 7969 and 4904?
613
Calculate the highest common divisor of 40918 and 2638712.
998
What is the highest common factor of 2600 and 96082480?
520
Calculate the greatest common factor of 8096 and 25982.
22
Calculate the greatest common factor of 117 and 23915385.
117
Calculate the greatest common factor of 6637 and 97.
1
Calculate the greatest common factor of 63072 and 783071.
73
What is the greatest common divisor of 93121 and 222229?
371
Calculate the greatest common divisor of 54302650 and 450.
50
What is the greatest common factor of 208131 and 398769?
357
Calculate the highest common factor of 4632619 and 2397.
17
Calculate the highest common factor of 664169 and 199600.
499
What is the greatest common divisor of 1750599 and 1242?
621
What is the greatest common divisor of 410 and 25682974?
82
What is the greatest common divisor of 188596135 and 4060?
1015
Calculate the highest common divisor of 2665448 and 319.
29
What is the highest common divisor of 110627 and 240577?
113
What is the greatest common factor of 207378 and 869133?
843
What is the highest common divisor of 67565237 and 332?
83
Calculate the highest common divisor of 9146272 and 6936.
2312
Calculate the greatest common factor of 2759973 and 33.
3
What is the highest common divisor of 161591180 and 40?
20
Calculate the highest common factor of 11572 and 2561108.
44
Calculate the highest common factor of 43 and 17005382.
43
Calculate the highest common divisor of 335 and 3211511.
67
Calculate the highest common divisor of 14 and 72563141.
7
What is the greatest common divisor of 238552 and 14176?
8
Calculate the greatest common divisor of 348 and 3050046.
174
What is the greatest common divisor of 447279 and 14335671?
7581
Calculate the greatest common factor of 2910124 and 7252.
1036
Calculate the highest common factor of 18809476 and 6867.
763
What is the highest common factor of 29233 and 519777?
713
What is the greatest common factor of 133065495 and 180?
45
Calculate the greatest common divisor of 843921 and 1872.
117
What is the greatest common divisor of 431198 and 962?
74
What is the greatest common divisor of 28 and 16578898?
14
Calculate the greatest common divisor of 43936681 and 2735.
547
What is the highest common factor of 21 and 324782598?
21
What is the highest common divisor of 158508 and 79275420?
4284
Calculate the greatest common divisor of 794115 and 13725.
45
What is the greatest common factor of 432 and 66827889?
27
What is the highest common factor of 1826033 and 11077?
209
What is the greatest common divisor of 64988 and 379589?
1477
Calculate the greatest common divisor of 5140452 and 24.
12
Calculate the greatest common divisor of 177156 and 31479637.
4921
Calculate the highest common factor of 900 and 79865.
5
Calculate the highest common factor of 1004961410 and 310.
310
What is the highest common factor of 1138309265 and 4405?
4405
What is the highest common factor of 1246 and 3946082?
1246
Calculate the greatest common factor of 67279 and 265943.
19
What is the highest common divisor of 10148 and 182742647?
2537
Calculate the greatest common divisor of 2568 and 9142722.
642
What is the highest common divisor of 54118744 and 965?
193
Calculate the greatest common factor of 30154156 and 60598.
1478
Calculate the greatest common factor of 35063444 and 416.
52
Calculate the greatest common divisor of 100 and 1134449375.
25
Calculate the greatest common divisor of 13 and 110270147.
13
What is the highest common factor of 33715863 and 786?
393
Calculate the highest common factor of 3441501 and 9825.
393
Calculate the greatest common factor of 488620 and 301620.
220
Calculate the greatest common divisor of 12670939 and 301.
43
What is the greatest common divisor of 117 and 3193191?
9
What is the highest common divisor of 55045596 and 1724?
1724
Calculate the greatest common divisor of 129213546 and 7.
7
Calculate the greatest common divisor of 180503 and 2.
1
What is the greatest common factor of 13940164 and 328?
164
What is the highest common divisor of 40 and 146421810?
10
Calculate the greatest common factor of 715 and 771641.
13
What is the highest common factor of 3743155 and 351?
13
Calculate the greatest common factor of 575082 and 1806.
258
Calculate the highest common divisor of 1484013323 and 1157.
1157
Calculate the greatest common divisor of 27755 and 12953655.
3965
What is the highest common divisor of 20230 and 107884567?
2023
Calculate the greatest common factor of 9424 and 83199784.
4712
What is the greatest common divisor of 511766906 and 777?
259
What is the highest common factor of 89016 and 3852?
12
What is the greatest common divisor of 79888711 and 4636?
1159
Calculate the greatest common divisor of 339 and 1743703.
113
What is the highest common factor of 3668 and 43189128?
524
What is the highest common divisor of 472 and 196529?
59
What is the highest common factor of 471 and 4401181?
157
Calculate the greatest common factor of 27234 and 4896.
306
Calculate the greatest common divisor of 969429 and 5133.
177
What is the greatest common divisor of 60 and 2941060?
20
Calculate the greatest common divisor of 81143 and 24168.
53
What is the highest common factor of 1410 and 1567074?
282
Calculate the greatest common divisor of 191 and 432156218.
191
Calculate the highest common divisor of 18 and 172524582.
18
What is the highest common factor of 231191713 and 4474?
2237
What is the highest common factor of 10395 and 30827115?
1485
What is the greatest common factor of 73784 and 70472?
184
What is the greatest common divisor of 1258 and 719036947?
629
Calculate the highest common divisor of 29007375 and 20277.
2253
Calculate the highest common divisor of 104 and 8320572.
52
Calculate the highest common divisor of 328108704 and 1224.
408
What is the highest common divisor of 89022386 and 118?
118
Calculate the greatest common divisor of 2740976 and 14.
14
Calculate the highest common factor of 582750 and 686.
14
What is the highest common divisor of 31664003 and 28?
7
Calculate the highest common factor of 8568 and 114078636.
4284
What is the greatest common factor of 4613 and 1295?
7
What is the greatest common divisor of 28 and 95816896?
28
What is the greatest common divisor of 75046410 and 9?
9
What is the greatest common divisor of 1097103 and 562933?
4109
What is the highest common divisor of 15541862 and 28?
14
Calculate the highest common divisor of 1481315 and 605.
55
Calculate the highest common factor of 1140 and 245700590.
190
What is the highest common divisor of 25550 and 3690?
10
What is the highest common divisor of 2101723 and 11557?
1651
Calculate the highest common factor of 200944080 and 42840.
6120
Calculate the greatest common factor of 46508749 and 7.
7
What is the highest common factor of 1679153 and 3451?
7
Calculate the highest common factor of 17433 and 547144.
13
Calculate the greatest common divisor of 13375 and 9099815.
535
Calculate the highest common factor of 391470393 and 753.
753
Calculate the h